b be (15/6)/((-9)/(-90)). Suppose 2*q = -3*x + b, 3*q - 6*x = -8*x + 25. Suppose 405 - 3563 = -q*o + 3*v, 2*o = -v + 1261. Is o a prime number?
True
Suppose 5*x + 220286 = 3*t + 10*x, 2*t - 3*x - 146813 = 0. Is t composite?
False
Suppose -46 = -9*q + 26. Suppose d = 5, 2*j - q*d = -5*d + 511. Is j prime?
True
Suppose -a - 1101 = -m, -3*m + 11*a = 14*a - 3321. Let s = m - 307. Is s composite?
False
Let i = -156480 - -237881. Is i a composite number?
False
Let c(g) = -3*g. Let j be c(-4). Suppose 0 = -j*l + 4356 + 8616. Is l a prime number?
False
Let q(o) be the first derivative of 181*o**2/2 - 55*o - 4. Suppose 5*u = 4*l - 73, l + 3*u + 13 = 10. Is q(l) composite?
True
Let s = 147 - 152. Suppose -3*r + 3*c = 135, -65 = 2*r - 0*c + 3*c. Is (-8)/r + (-2704)/s a prime number?
True
Let o be (-14)/8 - -1 - 459/12. Let p = o + 38. Is (14 - -969)/(p + 2) composite?
False
Let z(l) = 15*l**2 - 18*l + 13. Let r(o) = 7*o**2 - 9*o + 7. Let g(j) = 13*r(j) - 6*z(j). Let k be g(8). Is -33*k/(-15)*293 composite?
True
Let z(t) = -t**3 + 17*t**2 - 61*t + 20. Let m be z(12). Let p be (-4)/10 - 35234/(-10). Suppose 0 = -m*x + p + 357. Is x composite?
True
Suppose -15286972 = -52*q - 2084016. Is q a composite number?
True
Let n(f) = f**3 - 7*f**2 - 12*f + 20. Let u be n(9). Suppose 4*k - 3*k - 65 = 2*p, -k = -5*p - u. Let v = 0 + k. Is v composite?
False
Let n(w) = 6*w**3 + 17*w**2 - 75*w + 93. Is n(14) prime?
True
Suppose 796 - 36 = -2*u + 4*j, -4*u = -5*j + 1535. Let k = 2474 + -1363. Let w = u + k. Is w prime?
False
Let o(p) = 114*p**2 - 33*p + 82. Is o(-37) a composite number?
True
Let r(q) be the first derivative of -q**2 + 47*q - 3. Let c be r(22). Suppose c*w - 1053 = 2*w - 4*k, w - 3*k = 1067. Is w a composite number?
False
Suppose 2*h = c - 51931, 81933 = 2*c - 3*h - 21929. Is c a composite number?
True
Suppose -4*f - 7374 = -5*a, 8*a + 10 = 3*a. Let b = f - -5679. Is b a prime number?
True
Suppose -5*i - 326774 = -4*n, n - 5*i - 484 - 81217 = 0. Is n prime?
False
Is 41/(2/(-32644)*(-14 + 12)) a prime number?
False
Let q be ((-716)/6 + 1)*(-140 - -83). Suppose -3*h - t = -20228, 2*h - h - 2*t = q. Is h a composite number?
True
Is 1/3 - 54824788/(-582) prime?
True
Let k(f) = f**2 + f + 11. Let w be k(-4). Suppose 3*z - 5*h = 3 - w, 0 = 4*z - h + 4. Suppose z = -r + 270 - 55. Is r a composite number?
True
Suppose p + 3*y + 214 = -330, 4*p - 3*y = -2176. Let z = 465 - p. Is z composite?
False
Suppose -77*f + 364204 = -266965. Is f a composite number?
True
Let l(a) = 149*a**2 - 3*a + 18. Let b be l(3). Suppose 0 = -f + 211 - b. Let x = 4968 + f. Is x a prime number?
False
Let v be 1581153/(-12) - -1*(-7)/28. Is 6/33 - (v/33 + 4) a prime number?
True
Suppose 7387*y - 344 = 7391*y. Let p(g) = g + 2. Let q be p(-3). Let h = q - y. Is h composite?
True
Let h(w) = 2*w + 8. Let f be h(-4). Suppose f*t + 1337 = 7*t. Let b = 354 - t. Is b a prime number?
True
Suppose 4*g - 1 - 11 = 0. Suppose -3*q - 3 = 0, -3*y - 6 = -4*y + g*q. Is 1 + 186 - (-12)/y prime?
True
Suppose -8 = 5*x + 72. Let q be (x/(-12) + -1)/((-2)/(-36)). Is ((-1502)/3)/(q/(-27)) a prime number?
False
Let j = 59 - 54. Suppose j*r + 0*r = n + 8, 3*n + 4 = 5*r. Suppose 5*l + 3*x - x - 1893 = 0, 0 = l - n*x - 381. Is l a composite number?
False
Is -1*8*1 - (-138823 - -82) prime?
False
Suppose 11319*w - 11344*w + 2183575 = 0. Is w composite?
True
Suppose 24*c = 5218172 + 2505436. Is c a prime number?
True
Let h(p) = -p**2 + p + 32. Let v be h(-37). Let l = v + 3025. Is l composite?
True
Suppose -4*s - 4823 = 2*g - 23343, -27780 = -3*g + 4*s. Let w = g + 9851. Is w a composite number?
True
Is ((-1)/(1/(-127637)))/((-137)/(-137)) a composite number?
False
Let c(m) = m**2 + 7*m + 29. Suppose -12 = -2*j - 2*j. Suppose j*s - 37 + 79 = 0. Is c(s) composite?
False
Suppose 5*k + 4*p = 24, k = 5*k + 3*p - 19. Suppose -o - k*l = 6, -2*o - l + 3 = 1. Suppose -r - 2088 = -3*i + o*r, -4*r = -i + 711. Is i composite?
False
Suppose -3 = 4*q - 67. Suppose -10*p = -q*p + 9738. Is p prime?
False
Let r = 873115 + -259652. Is r composite?
False
Suppose 11247065 = 9*h - 4*o, -3749017 = -15*h + 12*h - o. Is h composite?
True
Suppose 3*i + 3*s - 1217538 = 0, 2*i + 130883 = -5*s + 942587. Suppose -159204 = -34*r + i. Is r a composite number?
False
Let q(u) = u**2 - u + 87. Let c be q(0). Let y = -964 + 966. Suppose y*f - 103 = c. Is f a composite number?
True
Suppose 2*t - 9 = -t, 0 = 3*r + 4*t - 30. Suppose -4707 - 28185 = -r*p. Is p a prime number?
False
Suppose 0 = 9*x + 6204 - 33618. Let t = -9782 + x. Is (-5)/(-4)*t/(-4) prime?
False
Suppose -2*b + 57378 = 2*s, 86077 = 13*b - 10*b + 5*s. Is 18/126 + b/14 prime?
False
Let z = 173284 + -31013. Is z prime?
True
Let j(p) = -1111*p + 4606. Is j(-45) composite?
False
Suppose 0 = -9*z + 326163 + 276648. Is z composite?
True
Let q(y) = -31*y**3 - 10*y**2 - 2*y - 8. Let p(x) = -2*x - 11. Let m be p(-4). Is q(m) a composite number?
True
Suppose 2*h = -44 + 12. Let c = 10 + h. Is ((-8)/(-48)*2692)/((-4)/c) a composite number?
False
Suppose 20*j = 19*j - 1868. Let v = -1281 - j. Is v a prime number?
True
Let h be -7*(4 - 34/7). Suppose h*b - 77 = 2581. Is b composite?
False
Suppose -38*n - 40*n + 33*n + 1925955 = 0. Is n composite?
True
Let u(k) = -k**3 + 18*k**2 - 4*k + 15. Let r be u(17). Suppose 4*t = 2*l - 298, 289 = 3*l - l + 5*t. Let j = r - l. Is j a prime number?
True
Suppose -39 = -2*i - 2*y + 9, -2*y = -i + 27. Let q = i - -69. Is q a prime number?
False
Suppose -204*y + 251*y - 4064419 = 0. Is y composite?
False
Let y(q) = 12089*q**2 - 4*q + 3. Let k be y(1). Suppose 6*o - 12088 = -4*v + 2*o, 4*v - k = -o. Is v prime?
False
Suppose -4*k = -3*p - 24435, -3*p = 4 - 1. Let c = k + -4069. Is c a prime number?
True
Let f(c) be the first derivative of -11*c**3/3 - 17*c**2/2 - 20*c - 1. Let s be f(-10). Let h = s + 3181. Is h composite?
True
Let u be 2296 + -5 + (4 - -2). Suppose x - u = -5*v + 2*v, -4*x = 5*v - 9174. Is x a composite number?
True
Suppose 3*x = 3*h - 33, 0 = 2*h + 2*h - 3*x - 45. Let a(s) = s**3 - 9*s**2 - s - 13. Is a(h) composite?
True
Let a be (34/4)/((-1)/(-6)). Suppose -47*x = -a*x - 2196. Let y = x + 2882. Is y prime?
True
Let j(i) = 13*i**2 - 5*i - 381. Let g(x) = -4*x**2 + 2*x + 127. Let t(v) = 7*g(v) + 2*j(v). Is t(0) a prime number?
True
Let d(t) = t - 8. Let o be d(12). Suppose 7 = -o*a + 3. Is ((a - 0) + 160)/((-7)/(-7)) prime?
False
Suppose -5 = 4*d + 15. Let h = 8 - d. Suppose -h*o = -32108 - 20529. Is o a composite number?
False
Suppose -4*i + 689 = -2*w - 1037, -4*i + 1729 = -w. Let k(t) = 380*t - 4. Let a be k(2). Suppose a = h - i. Is h a prime number?
False
Let u = -161 + 151. Is (8 + u)/6*3327*-1 prime?
True
Suppose -l = 5*m + 13, m + 7 + 2 = 3*l. Suppose 4*i - 30 = -l*i. Suppose -3*c = -2*j + 443, 3*c = i*j + 2*c - 1114. Is j a composite number?
False
Suppose 0 = 1609*f - 1556*f - 599059. Is f composite?
True
Suppose -50*n - 670747 - 512313 = -70*n. Is n prime?
False
Suppose -4*p + 13 - 21 = 0. Let j = p + 6. Suppose h - 4535 = -j*h. Is h a prime number?
True
Suppose 0 = -4*b + 5*u + 4533398, 0 = b - 56*u + 54*u - 1133351. Is b composite?
True
Suppose 0 = -17*b + 701915 + 896646. Is b a composite number?
False
Let f(n) = n**3 - 20*n**2 - 2*n + 22. Let z be f(20). Let k = z + 20. Suppose 4*p - y = 2981, 0*y = -k*p - 4*y + 1504. Is p a composite number?
True
Suppose 5 = 4*f - 7. Suppose -f*d - 810 = -3*m, 5*d + 3*m = 56 - 1398. Let s = -112 - d. Is s prime?
True
Let j(a) = 55*a**2. Let u(k) = -k**2 + 2*k + 2. Let n(y) = y**3 - 13*y**2 - 12*y - 25. Let t be n(14). Let r be u(t). Is j(r) a prime number?
False
Suppose -2*x = 3*z - 99, 2*x - 70 - 34 = -4*z. Suppose -x*j + 8754 = -36*j. Is j composite?
False
Suppose -36*z + 9604984 = 56*z. Is z prime?
False
Suppose 18*a + 5*n - 388013 = 15*a, 0 = -3*n - 6. Is a prime?
True
Let n be 9/4*(-40)/15. Let r(w) = w**3 + 7*w**2 + 6*w + 1. Let c be r(n). Is 487 - 0*(2 - c) prime?
True
Let z(i) = 25*i - 32. Let g = -99 + 106. Suppose -5 - g = -4*m. Is z(m) composite?
False
Let n(l) = l**2 - 8*l + 18. Let u be n(3). Suppose -u*w - 3*y - y + 39863 = 0, 3*w + 2*y - 39859 = 0. Is w prime?
False
Is ((-124078)/(-6))/(3*2/18) a prime number?
True
Let f be (-18)/(-330)*329905 - 2/(-11). Let a = f - 7230. Is a compo